{"id":3868,"date":"2021-08-10T10:23:16","date_gmt":"2021-08-10T09:23:16","guid":{"rendered":"https:\/\/www.bhd-mr-westfalen.de\/ravensberg-lippe\/impressum\/"},"modified":"2025-01-09T09:40:20","modified_gmt":"2025-01-09T08:40:20","slug":"impressum","status":"publish","type":"page","link":"https:\/\/www.bhd-mr-westfalen.de\/ravensberg-lippe\/impressum\/","title":{"rendered":"Impressum"},"content":{"rendered":"\t\t<div data-elementor-type=\"wp-page\" data-elementor-id=\"3868\" class=\"elementor elementor-3868\" data-elementor-post-type=\"page\">\n\t\t\t\t\t\t<section class=\"elementor-section elementor-top-section elementor-element elementor-element-909c435 elementor-section-boxed elementor-section-height-default elementor-section-height-default\" data-id=\"909c435\" data-element_type=\"section\" data-e-type=\"section\">\n\t\t\t\t\t\t<div class=\"elementor-container elementor-column-gap-default\">\n\t\t\t\t\t<div class=\"elementor-column elementor-col-100 elementor-top-column elementor-element elementor-element-9ece398\" data-id=\"9ece398\" data-element_type=\"column\" data-e-type=\"column\">\n\t\t\t<div class=\"elementor-widget-wrap elementor-element-populated\">\n\t\t\t\t\t\t<div class=\"elementor-element elementor-element-e07031f elementor-widget elementor-widget-heading\" data-id=\"e07031f\" data-element_type=\"widget\" data-e-type=\"widget\" data-widget_type=\"heading.default\">\n\t\t\t\t<div class=\"elementor-widget-container\">\n\t\t\t\t\t<h1 class=\"elementor-heading-title elementor-size-default\">Impressum BHD und MR Ravensberg-Lippe e.V. <\/h1>\t\t\t\t<\/div>\n\t\t\t\t<\/div>\n\t\t\t\t<div class=\"elementor-element elementor-element-7bc0234 elementor-widget elementor-widget-text-editor\" data-id=\"7bc0234\" data-element_type=\"widget\" data-e-type=\"widget\" data-widget_type=\"text-editor.default\">\n\t\t\t\t<div class=\"elementor-widget-container\">\n\t\t\t\t\t\t\t\t\t<h3>Angaben gem\u00e4\u00df \u00a7 5 TMG<\/h3>\n<p><span data-contrast=\"auto\">Betriebshilfsdienst und Maschinenring Ravensberg-Lippe e.V.&nbsp;<\/span><span data-ccp-props=\"{&quot;201341983&quot;:0,&quot;335559739&quot;:0,&quot;335559740&quot;:240}\">&nbsp;<br><\/span><span data-ccp-props=\"{&quot;201341983&quot;:0,&quot;335559739&quot;:0,&quot;335559740&quot;:240}\">Auf der Helle 16<br><\/span><span data-contrast=\"auto\">32052 Herford<\/span><\/p>\n<p><span data-contrast=\"auto\">Vereinsregister: VR 21720<\/span><span data-ccp-props=\"{&quot;201341983&quot;:0,&quot;335559739&quot;:0,&quot;335559740&quot;:240}\">&nbsp;<br><\/span><span data-contrast=\"auto\">Registergericht: Amtsgericht Bad Oeynhausen<\/span><span data-ccp-props=\"{&quot;201341983&quot;:0,&quot;335559739&quot;:0,&quot;335559740&quot;:240}\">&nbsp;<\/span><\/p>\n<p><span data-contrast=\"auto\">Vertreten durch:<\/span><span data-ccp-props=\"{&quot;201341983&quot;:0,&quot;335559739&quot;:0,&quot;335559740&quot;:240}\">&nbsp;<br><\/span><span data-ccp-props=\"{&quot;201341983&quot;:0,&quot;335559739&quot;:0,&quot;335559740&quot;:240}\">Friedrich Ehlert, Matthias Feldmann, Wilm Treseler&nbsp;<\/span><\/p>\n<p><span data-ccp-props=\"{&quot;201341983&quot;:0,&quot;335559739&quot;:0,&quot;335559740&quot;:240}\">&nbsp;<\/span><\/p>\n<h3><b><span data-contrast=\"auto\">Kontakt<\/span><\/b><span data-ccp-props=\"{&quot;201341983&quot;:0,&quot;335559739&quot;:0,&quot;335559740&quot;:240}\">&nbsp;<\/span><\/h3>\n<p><span data-contrast=\"auto\">Telefon: 0 52 21 \/ 17 81 14<\/span><span data-ccp-props=\"{&quot;201341983&quot;:0,&quot;335559739&quot;:0,&quot;335559740&quot;:240}\">&nbsp;<br><\/span><span data-contrast=\"auto\">Telefax: 0 52 21 \/ 17 81 15<\/span><span data-ccp-props=\"{&quot;201341983&quot;:0,&quot;335559739&quot;:0,&quot;335559740&quot;:240}\"><br><\/span><span data-contrast=\"auto\">E-Mail: bhd-herford[at]gmx.de<\/span><span data-ccp-props=\"{&quot;201341983&quot;:0,&quot;335559739&quot;:0,&quot;335559740&quot;:240}\">&nbsp;<\/span><\/p>\n<p><span data-ccp-props=\"{&quot;201341983&quot;:0,&quot;335559739&quot;:0,&quot;335559740&quot;:240}\">&nbsp;<\/span><\/p>\n<h3><b><span data-contrast=\"auto\">Redaktionell verantwortlich<\/span><\/b><span data-ccp-props=\"{&quot;201341983&quot;:0,&quot;335559739&quot;:0,&quot;335559740&quot;:240}\">&nbsp;<\/span><\/h3>\n<p><span data-contrast=\"auto\">Ulrike Eimterb\u00e4umer, Gesch\u00e4ftsf\u00fchrerin<\/span><\/p>\n<p><span data-ccp-props=\"{&quot;201341983&quot;:0,&quot;335559739&quot;:0,&quot;335559740&quot;:240}\">&nbsp;<\/span><\/p>\n<h3><b><span data-contrast=\"auto\">Verbraucherstreitbeilegung\/Universalschlichtungsstelle<\/span><\/b><span data-ccp-props=\"{&quot;201341983&quot;:0,&quot;335559739&quot;:0,&quot;335559740&quot;:240}\">&nbsp;<\/span><\/h3>\n<p><span data-contrast=\"auto\">Wir sind nicht bereit oder verpflichtet, an Streitbeilegungsverfahren vor einer<\/span><span data-ccp-props=\"{&quot;201341983&quot;:0,&quot;335559739&quot;:0,&quot;335559740&quot;:240}\">&nbsp;<\/span><span data-contrast=\"auto\">Verbraucherschlichtungsstelle teilzunehmen.<\/span><span data-ccp-props=\"{&quot;201341983&quot;:0,&quot;335559739&quot;:0,&quot;335559740&quot;:240}\">&nbsp;<\/span><\/p>\n<p><span data-ccp-props=\"{&quot;201341983&quot;:0,&quot;335559739&quot;:160,&quot;335559740&quot;:259}\">&nbsp;<\/span><\/p>\n<p><\/p>\t\t\t\t\t\t\t\t<\/div>\n\t\t\t\t<\/div>\n\t\t\t\t<div class=\"elementor-element elementor-element-fa4b8d3 elementor-widget elementor-widget-text-editor\" data-id=\"fa4b8d3\" data-element_type=\"widget\" data-e-type=\"widget\" data-widget_type=\"text-editor.default\">\n\t\t\t\t<div class=\"elementor-widget-container\">\n\t\t\t\t\t\t\t\t\t<h3><strong>Konzept, Webdesign &amp; Programmierung<\/strong><\/h3><p><strong>plantamedium<\/strong> | Die Agentur f\u00fcr Agrar, Ern\u00e4hrung &amp; Tier<\/p><p><a href=\"https:\/\/plantamedium.de\" target=\"_blank\" rel=\"noopener\">plantamedium.de<\/a><\/p>\t\t\t\t\t\t\t\t<\/div>\n\t\t\t\t<\/div>\n\t\t\t\t\t<\/div>\n\t\t<\/div>\n\t\t\t\t\t<\/div>\n\t\t<\/section>\n\t\t\t\t<\/div>\n\t\t","protected":false},"excerpt":{"rendered":"<p>Impressum BHD und MR Ravensberg-Lippe e.V. Angaben gem\u00e4\u00df \u00a7 5 TMG Betriebshilfsdienst und Maschinenring Ravensberg-Lippe e.V.&nbsp;&nbsp;Auf der Helle 1632052 Herford Vereinsregister: VR 21720&nbsp;Registergericht: Amtsgericht Bad Oeynhausen&nbsp; Vertreten durch:&nbsp;Friedrich Ehlert, Matthias Feldmann, Wilm Treseler&nbsp; &nbsp; Kontakt&nbsp; Telefon: 0 52 21 \/ 17 81 14&nbsp;Telefax: 0 52 21 \/ 17 81 15E-Mail: bhd-herford[at]gmx.de&nbsp; &nbsp; Redaktionell verantwortlich&nbsp; Ulrike [&hellip;]<\/p>\n","protected":false},"author":2,"featured_media":0,"parent":0,"menu_order":0,"comment_status":"closed","ping_status":"closed","template":"","meta":{"footnotes":""},"class_list":["post-3868","page","type-page","status-publish","hentry"],"_links":{"self":[{"href":"https:\/\/www.bhd-mr-westfalen.de\/ravensberg-lippe\/wp-json\/wp\/v2\/pages\/3868","targetHints":{"allow":["GET"]}}],"collection":[{"href":"https:\/\/www.bhd-mr-westfalen.de\/ravensberg-lippe\/wp-json\/wp\/v2\/pages"}],"about":[{"href":"https:\/\/www.bhd-mr-westfalen.de\/ravensberg-lippe\/wp-json\/wp\/v2\/types\/page"}],"author":[{"embeddable":true,"href":"https:\/\/www.bhd-mr-westfalen.de\/ravensberg-lippe\/wp-json\/wp\/v2\/users\/2"}],"replies":[{"embeddable":true,"href":"https:\/\/www.bhd-mr-westfalen.de\/ravensberg-lippe\/wp-json\/wp\/v2\/comments?post=3868"}],"version-history":[{"count":8,"href":"https:\/\/www.bhd-mr-westfalen.de\/ravensberg-lippe\/wp-json\/wp\/v2\/pages\/3868\/revisions"}],"predecessor-version":[{"id":4236,"href":"https:\/\/www.bhd-mr-westfalen.de\/ravensberg-lippe\/wp-json\/wp\/v2\/pages\/3868\/revisions\/4236"}],"wp:attachment":[{"href":"https:\/\/www.bhd-mr-westfalen.de\/ravensberg-lippe\/wp-json\/wp\/v2\/media?parent=3868"}],"curies":[{"name":"wp","href":"https:\/\/api.w.org\/{rel}","templated":true}]}}